s digit of 559221240?
1
What is the ten millions digit of 32833937?
3
What is the hundred thousands digit of 1606673?
6
What is the hundred millions digit of 3335635961?
3
What is the millions digit of 251295880?
1
What is the hundreds digit of 1132012093?
0
What is the ten millions digit of 17751874?
1
What is the thousands digit of 1261052903?
2
What is the billions digit of 1017650755?
1
What is the tens digit of 20599967?
6
What is the thousands digit of 72858990?
8
What is the ten millions digit of 1461820107?
6
What is the ten thousands digit of 7373464127?
6
What is the tens digit of 30068680?
8
What is the millions digit of 152908380?
2
What is the hundreds digit of 20450833?
8
What is the hundred thousands digit of 297918919?
9
What is the ten millions digit of 2826001690?
2
What is the ten thousands digit of 178591183?
9
What is the ten millions digit of 936300833?
3
What is the hundred thousands digit of 47139859?
1
What is the ten millions digit of 119398994?
1
What is the tens digit of 3129008177?
7
What is the units digit of 53580084?
4
What is the ten thousands digit of 2614237198?
3
What is the hundreds digit of 2096227704?
7
What is the units digit of 106660939?
9
What is the hundreds digit of 266996332?
3
What is the thousands digit of 54338112?
8
What is the tens digit of 458444406?
0
What is the ten millions digit of 351578161?
5
What is the millions digit of 174021419?
4
What is the thousands digit of 7872930?
2
What is the thousands digit of 15788693?
8
What is the millions digit of 262759806?
2
What is the hundreds digit of 323385089?
0
What is the ten millions digit of 47549083?
4
What is the thousands digit of 1860304513?
4
What is the hundred millions digit of 426278743?
4
What is the ten millions digit of 52197434?
5
What is the ten thousands digit of 32900684?
0
What is the ten thousands digit of 305018042?
1
What is the hundred thousands digit of 31883236?
8
What is the hundred millions digit of 768926206?
7
What is the billions digit of 5837665508?
5
What is the thousands digit of 3791298572?
8
What is the ten thousands digit of 102983768?
8
What is the billions digit of 3368600837?
3
What is the thousands digit of 6892393317?
3
What is the millions digit of 675808180?
5
What is the ten thousands digit of 6629360393?
6
What is the units digit of 463002035?
5
What is the thousands digit of 733092690?
2
What is the ten thousands digit of 18961850?
6
What is the units digit of 141326281?
1
What is the hundreds digit of 7956123700?
7
What is the ten thousands digit of 46564746?
6
What is the millions digit of 5301141243?
1
What is the tens digit of 114465074?
7
What is the billions digit of 1016528698?
1
What is the millions digit of 270050910?
0
What is the tens digit of 373809595?
9
What is the billions digit of 3876337777?
3
What is the billions digit of 4972078447?
4
What is the ten thousands digit of 88726129?
2
What is the ten millions digit of 3186643605?
8
What is the ten thousands digit of 63897867?
9
What is the hundreds digit of 2313056554?
5
What is the thousands digit of 96082714?
2
What is the hundred millions digit of 104880016?
1
What is the ten millions digit of 396016124?
9
What is the hundred thousands digit of 4980767724?
7
What is the tens digit of 753063845?
4
What is the units digit of 872284052?
2
What is the millions digit of 40082208?
0
What is the millions digit of 169930234?
9
What is the ten thousands digit of 91192917?
9
What is the tens digit of 355179438?
3
What is the ten thousands digit of 2047713036?
1
What is the tens digit of 2696064651?
5
What is the hundred thousands digit of 31809665?
8
What is the hundreds digit of 61167339?
3
What is the hundreds digit of 2319081411?
4
What is the units digit of 322514014?
4
What is the ten millions digit of 340605271?
4
What is the ten thousands digit of 671504758?
0
What is the units digit of 60086803?
3
What is the thousands digit of 34265886?
5
What is the ten thousands digit of 474530939?
3
What is the hundreds digit of 3951886468?
4
What is the hundred thousands digit of 468484698?
4
What is the hundreds digit of 70768472?
4
What is the millions digit of 704769115?
4
What is the ten thousands digit of 81679531?
7
What is the ten thousands digit of 3813025816?
2
What is the ten millions digit of 19914160?
1
What is the millions digit of 354567805?
4
What is the thousands digit of 3261315?
1
What is the hundreds digit of 872533516?
5
What is the tens digit of 22253228?
2
What is the hundred thousands digit of 85136161?
1
What is the thousands digit of 20047582?
7
What is the millions digit of 7179127581?
9
What is the billions digit of 3739824610?
3
What is the thousands digit of 50551361?
1
What is the tens digit of 281712523?
2
What is the hundred thousands digit of 181866600?
8
What is the tens digit of 38228911?
1
What is the hundreds digit of 994232171?
1
What is the hundreds digit of 136472991?
9
What is the hundred millions digit of 4456453471?
4
What is the ten millions digit of 949697699?
4
What is the ten millions digit of 110842961?
1
What is the ten thousands digit of 7872564?
7
What is the tens digit of 78495038?
3
What is the units digit of 503311246?
6
What is the units digit of 118789406?
6
What is the millions digit of 678680811?
8
What is the billions digit of 1044406540?
1
What is the units digit of 31575678?
8
What is the units digit of 23326013?
3
What is the ten thousands digit of 1408662027?
6
What is the ten millions digit of 3739564385?
3
What is the hundreds digit of 55871341?
3
What is the hundreds digit of 15989794?
7
What is the millions digit of 40682991?
0
What is the units digit of 601876509?
9
What is the tens digit of 672143382?
8
What is the hundreds digit of 17809514?
5
What is the ten thousands digit of 160080954?
8
What is the ten millions digit of 3736645354?
3
What is the ten millions digit of 14816198?
1
What is the hundred thousands digit of 114322629?
3
What is the millions digit of 3536121730?
6
What is the hundred millions digit of 147635146?
1
What is the millions digit of 122278426?
2
What is the ten thousands digit of 3454371560?
7
What is the millions digit of 3923560729?
3
What is the units digit of 7690541?
1
What is the millions digit of 119619115?
9
What is the tens digit of 21176560?
6
What is the hundred thousands digit of 153262717?
2
What is the hundred thousands digit of 8035193?
0
What is the hundred millions digit of 359677898?
3
What is the ten millions digit of 1072968989?
7
What is the ten thousands digit of 2811351533?
5
What is the ten millions digit of 79972853?
7
What is the units digit of 8025460?
0
What is the ten millions digit of 2906960516?
0
What is the units digit of 123858128?
8
What is the tens digit of 812398722?
2
What is the hundreds digit of 27928121?
1
What is the ten thousands digit of 261900838?
0
What is the millions digit of 1890012195?
0
What is the ten thousands digit of 2575837177?
3
What is the ten millions digit of 44124870?
4
What is the millions digit of 4452541524?
2
What is the ten thousands digit of 1181503765?
0
What is the tens digit of 978173567?
6
What is the tens digit of 19077267?
6
What is the hundred thousands digit of 844735055?
7
What is the thousands digit of 437283743?
3
What is the units digit of 23320378?
8
What is the tens digit of 270822245?
4
What is the ten thousands digit of 542766487?
6
What is the tens digit of 178613680?
8
What is the ten millions digit of 545713679?
4
What is the ten millions digit of 2545205101?
4
What is the ten millions digit of 1487773792?
8
What is the hundreds digit of 930888212?
2
What is the ten thousands digit of 15222665?
2
What is the ten thousands digit of 1943421004?
2
What is the units digit of 6584740068?
8
What is the ten thousands digit of 357068384?
6
What is the hundreds digit of 8309915864?
8
What is the millions digit of 1144784285?
4
What is the thousands digit of 2171046844?
6
What is the ten millions digit of 1114003177?
1
What is the billions digit of 4386276135?
4
What is the hundred millions digit of 1847153085?
8
What is the millions digit of 1252570456?
2
What is the millions digit of 24495453?
4
What is the hundred thousands digit of 172105691?
1
What is the hundreds digit